en 250 is divided by 7.
5
Calculate the remainder when 5248 is divided by 89.
86
Calculate the remainder when 996 is divided by 40.
36
Calculate the remainder when 1773 is divided by 111.
108
Calculate the remainder when 51 is divided by 30.
21
Calculate the remainder when 304 is divided by 31.
25
What is the remainder when 257 is divided by 82?
11
Calculate the remainder when 1917 is divided by 134.
41
Calculate the remainder when 614 is divided by 103.
99
Calculate the remainder when 139 is divided by 14.
13
What is the remainder when 3143 is divided by 150?
143
Calculate the remainder when 10381 is divided by 44.
41
What is the remainder when 923 is divided by 33?
32
Calculate the remainder when 1247 is divided by 12.
11
What is the remainder when 28 is divided by 17?
11
Calculate the remainder when 575 is divided by 12.
11
What is the remainder when 711 is divided by 55?
51
What is the remainder when 943 is divided by 116?
15
What is the remainder when 579 is divided by 97?
94
Calculate the remainder when 21892 is divided by 119.
115
What is the remainder when 16777 is divided by 51?
49
Calculate the remainder when 170 is divided by 50.
20
Calculate the remainder when 764 is divided by 27.
8
Calculate the remainder when 364 is divided by 16.
12
What is the remainder when 841 is divided by 408?
25
Calculate the remainder when 132 is divided by 41.
9
Calculate the remainder when 313 is divided by 90.
43
Calculate the remainder when 158 is divided by 23.
20
Calculate the remainder when 4303 is divided by 30.
13
What is the remainder when 264 is divided by 202?
62
What is the remainder when 85 is divided by 41?
3
What is the remainder when 6289 is divided by 37?
36
Calculate the remainder when 524 is divided by 17.
14
Calculate the remainder when 304 is divided by 164.
140
Calculate the remainder when 414 is divided by 201.
12
What is the remainder when 145 is divided by 131?
14
What is the remainder when 718 is divided by 103?
100
Calculate the remainder when 81 is divided by 14.
11
Calculate the remainder when 283 is divided by 26.
23
Calculate the remainder when 355 is divided by 36.
31
What is the remainder when 666 is divided by 213?
27
Calculate the remainder when 2068 is divided by 148.
144
What is the remainder when 254 is divided by 78?
20
Calculate the remainder when 103 is divided by 89.
14
What is the remainder when 314 is divided by 3?
2
Calculate the remainder when 80 is divided by 28.
24
What is the remainder when 1018 is divided by 60?
58
Calculate the remainder when 181 is divided by 64.
53
What is the remainder when 70 is divided by 26?
18
Calculate the remainder when 466 is divided by 39.
37
What is the remainder when 2251 is divided by 448?
11
Calculate the remainder when 250 is divided by 51.
46
Calculate the remainder when 2414 is divided by 24.
14
What is the remainder when 7447 is divided by 1486?
17
Calculate the remainder when 958 is divided by 319.
1
What is the remainder when 1191 is divided by 569?
53
What is the remainder when 253 is divided by 222?
31
What is the remainder when 845 is divided by 17?
12
Calculate the remainder when 2936 is divided by 84.
80
What is the remainder when 2493 is divided by 58?
57
What is the remainder when 34 is divided by 4?
2
What is the remainder when 581 is divided by 109?
36
Calculate the remainder when 944 is divided by 63.
62
Calculate the remainder when 223 is divided by 21.
13
What is the remainder when 2176 is divided by 717?
25
What is the remainder when 62 is divided by 37?
25
Calculate the remainder when 2001 is divided by 12.
9
What is the remainder when 510 is divided by 143?
81
Calculate the remainder when 3522 is divided by 86.
82
What is the remainder when 72 is divided by 26?
20
Calculate the remainder when 123 is divided by 7.
4
What is the remainder when 439 is divided by 156?
127
Calculate the remainder when 1504 is divided by 307.
276
What is the remainder when 229 is divided by 72?
13
Calculate the remainder when 3843 is divided by 62.
61
Calculate the remainder when 174 is divided by 28.
6
What is the remainder when 10078 is divided by 63?
61
Calculate the remainder when 71442 is divided by 165.
162
Calculate the remainder when 176 is divided by 59.
58
What is the remainder when 428 is divided by 184?
60
What is the remainder when 71 is divided by 23?
2
What is the remainder when 1037 is divided by 115?
2
What is the remainder when 31047 is divided by 23?
20
What is the remainder when 3307 is divided by 17?
9
What is the remainder when 1363 is divided by 14?
5
What is the remainder when 958 is divided by 48?
46
Calculate the remainder when 464 is divided by 40.
24
What is the remainder when 257 is divided by 37?
35
What is the remainder when 1983 is divided by 71?
66
What is the remainder when 72 is divided by 20?
12
What is the remainder when 846 is divided by 10?
6
What is the remainder when 237 is divided by 3?
0
What is the remainder when 85 is divided by 18?
13
Calculate the remainder when 20260 is divided by 23.
20
What is the remainder when 919 is divided by 86?
59
Calculate the remainder when 374 is divided by 75.
74
Calculate the remainder when 406 is divided by 1.
0
Calculate the remainder when 135 is divided by 107.
28
What is the remainder when 3833 is divided by 59?
57
What is the remainder when 296 is divided by 15?
11
What is the remainder when 11215 is divided by 31?
24
What is the remainder when 151 is divided by 47?
10
Calculate the remainder when 138 is divided by 30.
18
Calculate the remainder when 738 is divided by 731.
7
Calculate the remainder when 248 is divided by 27.
5
What is the remainder when 1613 is divided by 16?
13
Calculate the remainder when 141 is divided by 72.
69
Calculate the remainder when 99 is divided by 61.
38
What is the remainder when 81 is divided by 3?
0
What is the remainder when 6386 is divided by 213?
209
What is the remainder when 247 is divided by 37?
25
Calculate the remainder when 1359 is divided by 44.
39
Calculate the remainder when 1082 is divided by 5.
2
Calculate the remainder when 158 is divided by 82.
76
Calculate the remainder when 131 is divided by 22.
21
What is the remainder when 159 is divided by 10?
9
What is the remainder when 1762 is divided by 7?
5
Calculate the remainder when 666 is divided by 220.
6
Calculate the remainder when 12508 is divided by 90.
88
What is the remainder when 292 is divided by 71?
8
What is the remainder when 347 is divided by 58?
57
Calculate the remainder when 871 is divided by 52.
39
Calculate the remainder when 1077 is divided by 30.
27
Calculate the remainder when 97 is divided by 8.
1
Calculate the remainder when 359 is divided by 345.
14
What is the remainder when 132 is divided by 48?
36
What is the remainder when 149 is divided by 71?
7
What is the remainder when 305 is divided by 18?
17
Calculate the remainder when 270 is divided by 16.
14
What is the remainder when 399 is divided by 100?
99
Calculate the remainder when 591 is divided by 27.
24
Calculate the remainder when 735 is divided by 185.
180
What is the remainder when 500 is divided by 72?
68
What is the remainder when 89 is divided by 68?
21
What is the remainder when 1243 is divided by 89?
86
What is the remainder when 656 is divided by 315?
26
Calculate the remainder when 415 is divided by 134.
13
What is the remainder when 2300 is divided by 16?
12
What is the remainder when 7674 is divided by 9?
6
What is the remainder when 73 is divided by 22?
7
What is the remainder when 76 is divided by 42?
34
What is the remainder when 747 is divided by 61?
15
Calculate the remainder when 138 is divided by 20.
18
What is the remainder when 67 is divided by 42?
25
What is the remainder when 1147 is divided by 33?
25
What is the remainder when 2768 is divided by 44?
40
What is the remainder when 656 is divided by 53?
20
Calculate the remainder when 855 is divided by 66.
63
Calculate the remainder when 206 is divided by 24.
14
What is the remainder when 214 is divided by 18?
16
Calculate the remainder when 239 is divided by 48.
47
What is the remainder when 345 is divided by 340?
5
What is the remainder when 19 is divided by 15?
4
Calculate the remainder when 125 is divided by 46.
33
Calculate the remainder